emainder when 7362 is divided by 254.
250
Calculate the remainder when 606 is divided by 309.
297
Calculate the remainder when 1825 is divided by 83.
82
What is the remainder when 166 is divided by 43?
37
Calculate the remainder when 148 is divided by 50.
48
Calculate the remainder when 479 is divided by 44.
39
Calculate the remainder when 3321 is divided by 5.
1
Calculate the remainder when 354 is divided by 34.
14
Calculate the remainder when 248 is divided by 25.
23
Calculate the remainder when 12 is divided by 12.
0
Calculate the remainder when 246 is divided by 83.
80
Calculate the remainder when 196 is divided by 39.
1
Calculate the remainder when 605 is divided by 6.
5
Calculate the remainder when 1550 is divided by 501.
47
What is the remainder when 124 is divided by 106?
18
What is the remainder when 2190 is divided by 322?
258
What is the remainder when 47072 is divided by 51?
50
Calculate the remainder when 595 is divided by 72.
19
Calculate the remainder when 9631 is divided by 247.
245
What is the remainder when 209 is divided by 35?
34
What is the remainder when 2777 is divided by 107?
102
Calculate the remainder when 182 is divided by 38.
30
What is the remainder when 1004 is divided by 67?
66
Calculate the remainder when 405 is divided by 37.
35
Calculate the remainder when 95 is divided by 12.
11
What is the remainder when 1586 is divided by 30?
26
What is the remainder when 328 is divided by 84?
76
What is the remainder when 196 is divided by 53?
37
Calculate the remainder when 878 is divided by 47.
32
What is the remainder when 1111 is divided by 368?
7
What is the remainder when 541 is divided by 85?
31
What is the remainder when 5165 is divided by 126?
125
What is the remainder when 7375 is divided by 71?
62
What is the remainder when 416 is divided by 20?
16
Calculate the remainder when 1944 is divided by 45.
9
What is the remainder when 3625 is divided by 164?
17
What is the remainder when 61 is divided by 2?
1
What is the remainder when 284 is divided by 43?
26
Calculate the remainder when 1381 is divided by 42.
37
Calculate the remainder when 397 is divided by 277.
120
Calculate the remainder when 21 is divided by 8.
5
What is the remainder when 683 is divided by 57?
56
Calculate the remainder when 1097 is divided by 273.
5
Calculate the remainder when 1319 is divided by 22.
21
What is the remainder when 263 is divided by 117?
29
What is the remainder when 188 is divided by 10?
8
What is the remainder when 366 is divided by 76?
62
Calculate the remainder when 788 is divided by 258.
14
Calculate the remainder when 292 is divided by 113.
66
What is the remainder when 922 is divided by 906?
16
What is the remainder when 6511 is divided by 13?
11
What is the remainder when 2668 is divided by 17?
16
What is the remainder when 1053 is divided by 16?
13
Calculate the remainder when 254 is divided by 54.
38
Calculate the remainder when 6191 is divided by 12.
11
Calculate the remainder when 232 is divided by 118.
114
What is the remainder when 207 is divided by 52?
51
What is the remainder when 332 is divided by 84?
80
Calculate the remainder when 30 is divided by 11.
8
What is the remainder when 172 is divided by 35?
32
What is the remainder when 118 is divided by 13?
1
Calculate the remainder when 59 is divided by 3.
2
What is the remainder when 10681 is divided by 64?
57
Calculate the remainder when 366 is divided by 124.
118
What is the remainder when 230 is divided by 77?
76
What is the remainder when 403 is divided by 82?
75
Calculate the remainder when 492 is divided by 71.
66
Calculate the remainder when 624 is divided by 38.
16
Calculate the remainder when 6354 is divided by 205.
204
Calculate the remainder when 83 is divided by 22.
17
What is the remainder when 870 is divided by 127?
108
What is the remainder when 258 is divided by 214?
44
Calculate the remainder when 4013 is divided by 1334.
11
Calculate the remainder when 739 is divided by 24.
19
What is the remainder when 2923 is divided by 17?
16
What is the remainder when 74 is divided by 14?
4
What is the remainder when 23132 is divided by 16?
12
What is the remainder when 60 is divided by 11?
5
Calculate the remainder when 110 is divided by 31.
17
What is the remainder when 22 is divided by 12?
10
What is the remainder when 352 is divided by 96?
64
What is the remainder when 72 is divided by 21?
9
Calculate the remainder when 823 is divided by 169.
147
What is the remainder when 128 is divided by 79?
49
What is the remainder when 2152 is divided by 18?
10
What is the remainder when 15009 is divided by 17?
15
Calculate the remainder when 446 is divided by 138.
32
Calculate the remainder when 109 is divided by 19.
14
Calculate the remainder when 172 is divided by 57.
1
Calculate the remainder when 182 is divided by 40.
22
What is the remainder when 1046 is divided by 22?
12
Calculate the remainder when 2539 is divided by 20.
19
What is the remainder when 1064 is divided by 342?
38
What is the remainder when 118 is divided by 20?
18
Calculate the remainder when 1010 is divided by 78.
74
What is the remainder when 2985 is divided by 29?
27
What is the remainder when 5317 is divided by 40?
37
Calculate the remainder when 934 is divided by 26.
24
What is the remainder when 293 is divided by 49?
48
Calculate the remainder when 687 is divided by 10.
7
Calculate the remainder when 1211 is divided by 392.
35
What is the remainder when 31 is divided by 9?
4
Calculate the remainder when 217 is divided by 52.
9
Calculate the remainder when 150 is divided by 34.
14
What is the remainder when 212 is divided by 57?
41
What is the remainder when 173 is divided by 40?
13
What is the remainder when 125 is divided by 32?
29
What is the remainder when 118 is divided by 46?
26
What is the remainder when 120 is divided by 12?
0
Calculate the remainder when 363 is divided by 92.
87
What is the remainder when 105 is divided by 16?
9
What is the remainder when 7851 is divided by 102?
99
Calculate the remainder when 421 is divided by 72.
61
What is the remainder when 18337 is divided by 173?
172
What is the remainder when 1242 is divided by 14?
10
What is the remainder when 1118 is divided by 14?
12
Calculate the remainder when 893 is divided by 13.
9
What is the remainder when 75 is divided by 44?
31
What is the remainder when 167 is divided by 39?
11
What is the remainder when 3283 is divided by 818?
11
Calculate the remainder when 250 is divided by 15.
10
Calculate the remainder when 876 is divided by 18.
12
Calculate the remainder when 406 is divided by 84.
70
What is the remainder when 98 is divided by 56?
42
What is the remainder when 1332 is divided by 274?
236
What is the remainder when 1884 is divided by 109?
31
Calculate the remainder when 772 is divided by 194.
190
What is the remainder when 804 is divided by 116?
108
Calculate the remainder when 1663 is divided by 119.
116
Calculate the remainder when 59422 is divided by 16.
14
What is the remainder when 442 is divided by 33?
13
What is the remainder when 4073 is divided by 145?
13
Calculate the remainder when 307 is divided by 11.
10
Calculate the remainder when 212 is divided by 18.
14
Calculate the remainder when 551 is divided by 92.
91
What is the remainder when 218 is divided by 72?
2
What is the remainder when 11241 is divided by 65?
61
Calculate the remainder when 757 is divided by 19.
16
Calculate the remainder when 14513 is divided by 19.
16
What is the remainder when 491 is divided by 55?
51
Calculate the remainder when 11239 is divided by 25.
14
Calculate the remainder when 23 is divided by 17.
6
What is the remainder when 298 is divided by 68?
26
Calculate the remainder when 1699 is divided by 82.
59
What is the remainder when 1792 is divided by 27?
10
What is the remainder when 113 is divided by 24?
17
What is the remainder when 142 is divided by 37?
31
Calculate the remainder when 524 is divided by 6.
2
What is the remainder when 330 is divided by 74?
34
Calculate the remainder when 42 is divided by 34.
8
Calculate the remainder when 262 is divided by 59.
26
What is the remainder when 123 is divided by 53?
17
What is the remainder when 76 is divided by 51?
25
Calculate the remainder when 9728 is divided by